**2 + 3. Let q be t(8). Let m(o) = -o**2 + o + 55. Let i be m(-16). Let c = i - q. Does 20 divide c?
True
Let r(c) = 78*c + 70. Is r(6) a multiple of 8?
False
Is 2/(-9)*51012/(-52) a multiple of 28?
False
Suppose 4*b + 16 = -0*b. Let a be (-20)/(-2) - (5 + b). Suppose -150 = -a*z + 4*z. Is 13 a factor of z?
False
Is 194/(-1261) - -35*6/13 a multiple of 4?
True
Suppose 5*r - 15 = 4*r. Suppose -16*v + 70 = -r*v. Is 19 a factor of v?
False
Suppose -2*d + 4*j + 16 = 0, 9 = 3*d - 0*j - j. Suppose -o - 3*i + 44 = i, 3*i - 63 = -d*o. Is o a multiple of 8?
True
Suppose -3*v - p = -679, 0 = -0*v + 2*v - 2*p - 442. Is v a multiple of 45?
True
Let w = 1079 + -639. Suppose q + 4*q - w = 0. Does 22 divide q?
True
Let u = -74 + 52. Suppose 10*o + 36 = 7*o. Let j = o - u. Is j a multiple of 5?
True
Does 28 divide 80 - 4 - (-1 + -5)?
False
Suppose -15*j - 3572 = -19*j. Does 12 divide j?
False
Suppose 0 = 4*y + 2*q - 30, 3*q - 8 = 4*y - 53. Let c = y - -9. Is c a multiple of 9?
True
Let p(l) be the second derivative of 5*l**3/6 + 9*l**2/2 + 3*l. Let x be p(-4). Let w = 41 + x. Is w a multiple of 10?
True
Let v = -2 - -8. Suppose -9 = -g + v. Does 3 divide g?
True
Suppose 3*p - 392 = -3*h - 5, p = -1. Suppose h = 49*c - 44*c. Is c a multiple of 19?
False
Suppose -3*m + 10759 = j, 5*j - 7151 = 4*m - 6*m. Does 92 divide m?
True
Suppose 28 = 9*i - 2*i. Let q(u) = -u - 2. Let m be q(6). Is 42/4 - i/m a multiple of 4?
False
Is 46 a factor of (-6)/(-30) + (-20690)/(-50)?
True
Let l = 740 - 3476. Is (1/(-7) - l/(-56))*-1 a multiple of 10?
False
Suppose 0 = 4*j + 20 - 12, -4*s + 11124 = -2*j. Is 60 a factor of s?
False
Suppose -949 - 117 = -2*l + 3*u, 3*l = -4*u + 1599. Does 41 divide l?
True
Let d(f) = -f**3 + 6*f**2 - 2*f + 14. Let i be d(4). Suppose p = 32 + i. Does 7 divide p?
True
Let t = 3 - 126. Let w = t + 175. Does 26 divide w?
True
Let k(z) = 11*z - 10. Let i = -16 - -29. Is 19 a factor of k(i)?
True
Let c(x) = -2*x**3 - 13*x**2 + 8*x - 13. Let v(t) = t**3 + 6*t**2 - 4*t + 6. Let y(m) = -6*c(m) - 13*v(m). Is y(-4) a multiple of 6?
True
Suppose 0 = j + 5*g - 287, -j + 369 = -3*g + 42. Is (-2 - 2)/(2*(-3)/j) a multiple of 13?
True
Let m(q) = 7*q**2 - 3*q + 4. Let t be m(-3). Suppose a - 5*u = t + 60, 0 = 4*a - u - 506. Is a a multiple of 40?
False
Suppose -13*t + 9*t + 40 = 0. Suppose -r + 3 = 0, -4*r = 3*w - 59 - t. Is 9 a factor of w?
False
Let z be 1*(7/1 - 4). Let h be z + 1/(-1) + 4. Suppose 4*q - h - 114 = 0. Is 8 a factor of q?
False
Suppose 2*m - 3 + 11 = 0. Let h(q) = -3 + 5 - 5 - 2*q + 0 - q**3 - 3*q**2. Is h(m) a multiple of 11?
False
Let c be (-2)/4*(-3 + -3). Suppose 2*y - 5*s = -4*s - 5, 0 = c*y + 2*s + 18. Is 16 a factor of y/(-10) + 156/10?
True
Let u(q) = -2*q - 7. Let m be u(0). Is 25 a factor of 97*2 + m/(-21)*6?
False
Suppose 9*m + a = 13*m - 385, -3*m - 2*a + 297 = 0. Let b be ((-2)/1 - 2)*-1. Suppose 2*v = -b*n - v + m, 3*n = 5*v + 51. Is 22 a factor of n?
True
Suppose -5*b + 63 = -4*w, -4*w - 12 = -2*b + 6. Is 10 a factor of (102/8)/(b/60)?
False
Let f(t) = -t**2 - 5*t + 8. Suppose 0 = -g - 4 - 2. Let n be f(g). Let l = 9 + n. Is 4 a factor of l?
False
Let g(u) = -u**3 + 11*u**2 - 7*u - 4. Let y be g(6). Suppose -4*c + 9*c = 2*h - y, 3*h - 176 = -5*c. Is h a multiple of 24?
False
Suppose -11*b - 563 = -4941. Is b a multiple of 35?
False
Suppose 3*a = -2*a + 380. Suppose -i + a = -d, 4*d = -5*i - d + 370. Does 15 divide i?
True
Suppose -3*g + 19 = 2*j, -5*j - 11 = 5*g - 46. Let q(y) = 5*y - 33. Let i be q(6). Is 16 a factor of (-22 - j)*4/i?
True
Suppose 8*j = 28*j - 3780. Is 35 a factor of j?
False
Let o(u) = 11*u. Let a(d) = d**2 + d + 1. Let b = -22 + 21. Let c be a(b). Is o(c) a multiple of 11?
True
Let u = 104 - 81. Let y = u - -3. Is y a multiple of 5?
False
Suppose 0 = 5*u - 3881 + 241. Is 7 a factor of u?
True
Let u(n) be the third derivative of 7*n**4/24 - 7*n**3/6 - 4*n**2. Is 20 a factor of u(6)?
False
Suppose 5*p - 1632 = -3*p. Suppose 673 = 5*d - 2*g + 205, 5*g = 2*d - p. Is 21 a factor of d?
False
Let s(c) = -c**2 + 19*c + 8. Let h be s(16). Suppose 3*z + h = 5*z. Is 5 a factor of z?
False
Let t = -436 + 485. Does 2 divide t?
False
Let n(t) = t**2 - 8*t + 15. Let m(g) = -2*g + 37. Let p be m(14). Is 5 a factor of n(p)?
False
Suppose -2*d + 0*d + 30 = 0. Suppose -4*i + 2 = 2*f + 32, -d = i + 2*f. Let g(x) = -x**3 - 6*x**2 - 8*x + 3. Does 9 divide g(i)?
True
Suppose 2*l - 1235 = -5*n, 5*l - 494 = -4*n + 2*n. Is n a multiple of 2?
False
Suppose -r = -2*u - 39, u + 36 = 2*r - r. Suppose -2*j - 4*q = 26, -j + 3*j + r = 3*q. Let s = -6 - j. Is s a multiple of 3?
True
Suppose -3*w = -a - 108, 34*a = 4*w + 38*a - 144. Does 22 divide w?
False
Let c(p) = p**3 + 38*p**2 + 54*p + 34. Is c(-36) a multiple of 23?
False
Does 12 divide ((-87)/9)/(-4*(-5)/(-2160))?
True
Suppose -5*m - 15 = -4*j, -3*m = 2*j - 5 + 14. Suppose -5*i - 4*k + 45 = -j*k, 0 = 2*i - 2*k. Is 15 a factor of (-635)/(-25) + 3/i?
False
Let j = 203 - 34. Let i = j + -92. Is 8 a factor of i?
False
Let z = 76 - 71. Suppose -z*j + 805 = 5*w, 4*w - 478 = w - 4*j. Does 13 divide w?
False
Let x be (-126)/(-12)*1 + (-1)/2. Suppose -x*h = -0*h - 200. Does 10 divide h?
True
Suppose 23*g = 2*g + 40005. Does 42 divide g?
False
Suppose -f + 3 = -2*w - 1, 12 = -4*w. Let v(u) = -9*u**3 + u**2 + u - 2. Let q be v(f). Suppose 5*p = 2*y - 0*p - 69, 2*y - 2*p = q. Is y a multiple of 20?
False
Let b = 15 + -10. Suppose -10 = -b*w + 5. Suppose 0 = w*j - 3 - 15. Is j a multiple of 2?
True
Suppose 54152 = 3*s - 7*s. Is 22 a factor of 4/22 - s/77?
True
Let r(a) = 2*a**3 - 3*a**2 - 2*a + 4. Let y be r(2). Suppose -4*h - 60 = -j, -y*h + 183 = 4*j - h. Is 12 a factor of j?
True
Let t = -36 + 335. Is t a multiple of 23?
True
Let t be 1 + -2 + 1 + 2. Suppose 0 = -5*u - t*d + d + 54, 3*d + 8 = 2*u. Is u a multiple of 5?
True
Let l(n) = -n**2 + 7*n. Let r be l(6). Is 28 - (-9)/r*(3 - 5) a multiple of 20?
False
Let z(u) = -u**2 + 10*u - 9. Let o be (1 - 2/4)*18. Let m be z(o). Suppose -4*b + 4*w + 12 = m, -b - 2*w = -0*w - 6. Is b even?
True
Let r = -554 + 868. Is 10 a factor of r?
False
Is 9 a factor of (28/21)/(2 + (-701)/351)?
True
Let l(q) = q - 5. Let n be l(-18). Suppose -5*y - 4*w = 48, -5*y - 5*w + 8 = 53. Let x = y - n. Is 11 a factor of x?
True
Let h = 4792 - 1652. Does 22 divide h?
False
Let y(c) = -4*c**3 - 2*c**2 + c. Let z be y(1). Let s(t) = -5 + 0 - 4*t + 0 - 4. Is s(z) a multiple of 4?
False
Let g(s) = 4*s**2 + 2*s. Let y be g(1). Suppose 5*i - y*i + 21 = 0. Is 16 a factor of i?
False
Let a(c) = c**2 + 2*c - 1. Let y be a(-2). Is 42 a factor of 213 + (-1 - 1)*y?
False
Suppose -1500 - 2740 = -10*q. Is q*(-2)/3*9/(-8) a multiple of 50?
False
Suppose 4*f = -2*q - 0*q + 742, 4*f + 742 = 2*q. Is 53 a factor of q?
True
Let n(l) = l**2 + 29*l - 199. Does 33 divide n(14)?
False
Let v be (-22)/121 - (-26)/22. Let o be 8*(v - 3)/(-4). Suppose -70 = -l - o*l. Is 7 a factor of l?
True
Let o(r) = 2*r - 6. Let l be o(5). Suppose 5*w - 75 = -2*z + z, l*w = -3*z + 60. Is w a multiple of 5?
True
Suppose 43*a - 534 = 412. Is a a multiple of 22?
True
Let t(z) = -z + 44. Is t(8) a multiple of 4?
True
Let x(c) = -c**2 + c + 25. Let l be x(8). Let y = l - -76. Is y a multiple of 9?
True
Suppose -4*a + 2*c + 3*c = -21, c = 3*a - 13. Let i be (-90)/10*a/6. Does 12 divide (-1092)/(-18) + 4/i?
True
Let g = -3 + 3. Let s be (0 - g) + -3 - -65. Suppose -4*b + s = f, -2*b + 5*f = 7 - 49. Does 16 divide b?
True
Let a = 700 + 758. Is a a multiple of 81?
True
Suppose 0 = 4*n - 2*n. Suppose k = 3*k - 8. Suppose n = k*q - 109 - 211. Is q a multiple of 27?
False
Let d = -492 + 584. Let x(c) = c**2 - 6*c + 4. Let f be x(6). Suppose -d = -k - 2*k - f*a, 106 = 4*k - 3*a. Is 7 a factor of k?
True
Suppose 27*h - 33*h = -132. Suppose 0 = o - h - 24. Is 11 a factor of o?
False
Is 21 a factor of 6 + (5 - 2 - -327)?
True
Suppose 8*m - 44 = 260. Suppose 4*s - m = -y, -5*y + s + 2 + 104 = 0. Is 7 a factor of y?
False
Let z be (2/4 + (-18)/24)*-8. Suppose 3*c + 4 - 7 = -r, z*c = 4*r - 82. Is r a multiple of 17?
False
Let s(a) = 4*a**2 + a - 4. Let z be (-8)/(-12) - 267/9. Let c = -34 - z. Is s(c) a multiple of 27?
False
Let s(d) = 7*d**2 - 11*d - 4. Let n(v) = 6*v**3 + 2*v + 1. Let w be n(-1). Let x be s(w). Suppose 2*j - 4*l - 